{"id":338,"date":"2015-07-25T17:24:33","date_gmt":"2015-07-25T15:24:33","guid":{"rendered":"http:\/\/lindevangen.dk\/?page_id=338"},"modified":"2024-03-12T13:53:19","modified_gmt":"2024-03-12T12:53:19","slug":"unge-hjemloese","status":"publish","type":"page","link":"https:\/\/www.lindevangen.dk\/?page_id=338","title":{"rendered":"Unge hjeml\u00f8se"},"content":{"rendered":"<div class=\"wpb-content-wrapper\">[vc_row full_width=&#8221;&#8221; parallax=&#8221;&#8221; parallax_image=&#8221;&#8221; visibility=&#8221;&#8221; css_animation=&#8221;&#8221; center_row=&#8221;&#8221; typography_style=&#8221;&#8221; column_spacing=&#8221;&#8221; tablet_fullwidth_cols=&#8221;&#8221; bg_style=&#8221;&#8221; parallax_mobile=&#8221;&#8221; parallax_style=&#8221;&#8221; parallax_direction=&#8221;&#8221; video_bg=&#8221;&#8221; video_bg_overlay=&#8221;&#8221; border_style=&#8221;&#8221;][vc_column width=&#8221;1\/1&#8243; style=&#8221;&#8221; visibility=&#8221;&#8221; css_animation=&#8221;&#8221; typo_style=&#8221;&#8221; drop_shadow=&#8221;&#8221; bg_style=&#8221;&#8221; border_style=&#8221;&#8221;][vc_column_text]<a href=\"http:\/\/lindevangen.dk\/wp-content\/uploads\/2015\/07\/20150108TB_Herberger12.jpg\"><img loading=\"lazy\" decoding=\"async\" class=\"alignnone wp-image-364 size-full\" src=\"http:\/\/lindevangen.dk\/wp-content\/uploads\/2015\/07\/20150108TB_Herberger12.jpg\" alt=\"Unge hjeml\u00f8se\" width=\"1200\" height=\"500\" srcset=\"https:\/\/www.lindevangen.dk\/wp-content\/uploads\/2015\/07\/20150108TB_Herberger12.jpg 1200w, https:\/\/www.lindevangen.dk\/wp-content\/uploads\/2015\/07\/20150108TB_Herberger12-300x125.jpg 300w, https:\/\/www.lindevangen.dk\/wp-content\/uploads\/2015\/07\/20150108TB_Herberger12-1024x427.jpg 1024w\" sizes=\"auto, (max-width: 1200px) 100vw, 1200px\" \/><\/a><\/p>\n<p>Herberget Lindevangens Akutboliger til unge er et \u00a7 110-tilbud, der har fungeret siden 2010. Vi har lige nu otte pladser til unge mellem 18 og 30 \u00e5r. Boligerne er placeret i almennyttigt boligbyggeri i lokalmilj\u00f8et p\u00e5 Frederiksberg.<\/p>\n<p>Akutboligerne er et alternativ til en herbergsplads, og opholdet er midlertidigt. I en akutbolig bor du i egen lejlighed og f\u00e5r tilknyttet en kontaktperson fra herberget Lindevangens Bost\u00f8tteteam.<\/p>\n<p>L\u00e6s mere i publikationen <a href=\"http:\/\/lindevangen.dk\/wp-content\/uploads\/2015\/06\/Akutboliger-til-Unge.pdf\" target=\"_blank\" rel=\"noopener noreferrer\">Akutboliger til unge<\/a>.<\/p>\n<p><strong>M\u00e5lgruppe<\/strong><\/p>\n<p>Akutboliger til unge er rettet mod udsatte unge mellem 18 og 30 \u00e5r, som udover at v\u00e6re boligl\u00f8se ogs\u00e5 har andre udfordringer. Det kan fx v\u00e6re et misbrug eller psykiske problemer. Du m\u00e5 ogs\u00e5 gerne have en plettet straffeattest.<\/p>\n<p>Du skal kunne bo i en almindelig opgang i et alment boligbyggeri. Under opholdet i en akutbolig skal du v\u00e6re aktivt boligs\u00f8gende. Du skal v\u00e6re motiveret for at samarbejde med den kontaktperson, der er tilknyttet akutboligen.<\/p>\n<p><strong>Samtale<\/strong><\/p>\n<p>F\u00f8r du kan flytte ind i en akutbolig, skal du til have lavet en indstilling. Den kan laves i samarbejde med din sagsbehandler, UU-vejleder, misbrugsbehandler eller andre. Herefter kommer du eventuelt videre til en uddybende visitationssamtale, hvorefter du hurtigst muligt f\u00e5r besked, om du har f\u00e5et en plads.<\/p>\n<p><strong>Under opholdet<\/strong><\/p>\n<p>Du flytter ind i en m\u00f8bleret lejlighed, s\u00e5 du kan ikke selv medbringe m\u00f8bler. Du st\u00e5r selv for at oprette en internetforbindelse.<\/p>\n<p>Under opholdet i en akutbolig samarbejder du med din kontaktperson. Sammen laver I en plan for opholdet. Typisk samarbejder I om:<\/p>\n<ul>\n<li>aktiv boligs\u00f8gning<\/li>\n<li>praktiske ting i forbindelse med lejligheden<\/li>\n<li>struktur p\u00e5 hverdagen<\/li>\n<li>fastholdelse i skole\/uddannelse<\/li>\n<li>st\u00f8ttende samtaler om det, der fylder<\/li>\n<li>afklaring af motivation for behandling af misbrug eller psykiske problemer<\/li>\n<li>\u00f8konomi (herunder g\u00e6ld).<\/li>\n<\/ul>\n<p>Din kontaktperson f\u00f8lger dig ofte til m\u00f8der p\u00e5 kommunen (fx Ungecentret eller UU-vejledning), til hospitalsaftaler, l\u00e6ge mv. Kontaktpersonen koordinerer ogs\u00e5 indsatsen med andre samarbejdspartnere omkring dig, hvis du har givet samtykke til dette.<\/p>\n<p>Det er ikke tilladt at have andre boende i akutboligen. Det er heller ikke tilladt at have husdyr.<\/p>\n<p><strong>Betaling<\/strong><\/p>\n<p>Som beboer i en akutbolig til unge betaler du det samme som prisen for en plads p\u00e5 et herberg. I 2024 er det 100,77 kr. i d\u00f8gnet.[\/vc_column_text][\/vc_column][\/vc_row]\n<\/div>","protected":false},"excerpt":{"rendered":"<p>[vc_row full_width=&#8221;&#8221; parallax=&#8221;&#8221; parallax_image=&#8221;&#8221; visibility=&#8221;&#8221; css_animation=&#8221;&#8221; center_row=&#8221;&#8221; typography_style=&#8221;&#8221; column_spacing=&#8221;&#8221; tablet_fullwidth_cols=&#8221;&#8221; bg_style=&#8221;&#8221; parallax_mobile=&#8221;&#8221; parallax_style=&#8221;&#8221; parallax_direction=&#8221;&#8221; video_bg=&#8221;&#8221; video_bg_overlay=&#8221;&#8221; border_style=&#8221;&#8221;][vc_column width=&#8221;1\/1&#8243; style=&#8221;&#8221; visibility=&#8221;&#8221; css_animation=&#8221;&#8221; typo_style=&#8221;&#8221; drop_shadow=&#8221;&#8221; bg_style=&#8221;&#8221; border_style=&#8221;&#8221;][vc_column_text] Herberget Lindevangens Akutboliger til unge er et \u00a7 110-tilbud, der har fungeret siden 2010. Vi&hellip;<\/p>\n","protected":false},"author":3,"featured_media":0,"parent":0,"menu_order":0,"comment_status":"open","ping_status":"open","template":"","meta":{"footnotes":""},"class_list":["post-338","page","type-page","status-publish","hentry"],"_links":{"self":[{"href":"https:\/\/www.lindevangen.dk\/index.php?rest_route=\/wp\/v2\/pages\/338","targetHints":{"allow":["GET"]}}],"collection":[{"href":"https:\/\/www.lindevangen.dk\/index.php?rest_route=\/wp\/v2\/pages"}],"about":[{"href":"https:\/\/www.lindevangen.dk\/index.php?rest_route=\/wp\/v2\/types\/page"}],"author":[{"embeddable":true,"href":"https:\/\/www.lindevangen.dk\/index.php?rest_route=\/wp\/v2\/users\/3"}],"replies":[{"embeddable":true,"href":"https:\/\/www.lindevangen.dk\/index.php?rest_route=%2Fwp%2Fv2%2Fcomments&post=338"}],"version-history":[{"count":23,"href":"https:\/\/www.lindevangen.dk\/index.php?rest_route=\/wp\/v2\/pages\/338\/revisions"}],"predecessor-version":[{"id":28409,"href":"https:\/\/www.lindevangen.dk\/index.php?rest_route=\/wp\/v2\/pages\/338\/revisions\/28409"}],"wp:attachment":[{"href":"https:\/\/www.lindevangen.dk\/index.php?rest_route=%2Fwp%2Fv2%2Fmedia&parent=338"}],"curies":[{"name":"wp","href":"https:\/\/api.w.org\/{rel}","templated":true}]}}